e 14, what is 3 + 3345?
3348
In base 6, what is -2 - 32252445?
-32252451
In base 2, what is -1101111111 - 11011?
-1110011010
In base 6, what is -3 - -5453153?
5453150
In base 14, what is 37 + -7a8?
-771
In base 12, what is -1 + -252158?
-252159
In base 5, what is 21 - 34324?
-34303
In base 12, what is -81a0 + -7?
-81a7
In base 14, what is 7460c6 + -2?
7460c4
In base 2, what is 100100001 - -100110?
101000111
In base 15, what is -1140 + 1?
-113e
In base 5, what is -110 + 30102?
24442
In base 3, what is 100002021110 + 12?
100002021122
In base 8, what is 136 + 2200?
2336
In base 4, what is -10001023 - -11?
-10001012
In base 7, what is -10 + -260302?
-260312
In base 10, what is 0 - 662768?
-662768
In base 5, what is -222 - -42414?
42142
In base 14, what is 1c522 - 6?
1c51a
In base 5, what is 224 + 14221?
20000
In base 11, what is 1 + 183a?
1840
In base 5, what is 32423242 + -32?
32423210
In base 13, what is 10 + 490c?
491c
In base 14, what is -d + -5859?
-5868
In base 10, what is 165 - -10953?
11118
In base 6, what is -3 - 1530310?
-1530313
In base 12, what is -1769 - -2a3?
-1486
In base 3, what is 201211111120 - 10?
201211111110
In base 13, what is -9 - 18b8?
-18c4
In base 2, what is 111101 + 11011010011?
11100010000
In base 9, what is 18670 + 3?
18673
In base 12, what is -7b - 8574?
-8633
In base 3, what is -11202 - -1011210212?
1011122010
In base 9, what is 1481770 + 4?
1481774
In base 8, what is -4501536 + 1?
-4501535
In base 10, what is 5 + 224809?
224814
In base 11, what is 25a - 234a?
-20a0
In base 3, what is -220 - 1001012?
-1002002
In base 2, what is 110111000010 - -1?
110111000011
In base 5, what is -13432101 + 42?
-13432004
In base 15, what is -c881 - 2?
-c883
In base 8, what is 15021 - -75?
15116
In base 14, what is -29ab1 + 4?
-29aab
In base 6, what is 111032 - -101?
111133
In base 15, what is 4b8 - 284?
234
In base 14, what is -5 + 5b09?
5b04
In base 4, what is -22103 - -233?
-21210
In base 9, what is -34 - -17010?
16865
In base 9, what is -1237 - -206?
-1031
In base 2, what is 1 + 111101101001?
111101101010
In base 10, what is 58 + 618?
676
In base 13, what is -17 + 12c31?
12c17
In base 10, what is 11450 + -7?
11443
In base 3, what is -101112121 + 122202?
-100212212
In base 4, what is 3 - 1230110?
-1230101
In base 16, what is -23 + -994?
-9b7
In base 11, what is 808 + -1309?
-601
In base 12, what is -82 + -a3?
-165
In base 2, what is 10010 + -100010111001001101?
-100010111000111011
In base 12, what is 20a05 - 4?
20a01
In base 7, what is 246 + -333?
-54
In base 11, what is -5aa7 - 3?
-5aaa
In base 3, what is -1111 + -21002?
-22120
In base 5, what is 4 - -131441324?
131441333
In base 9, what is -188078 + -5?
-188084
In base 16, what is a4 + -18?
8c
In base 5, what is -11304022 - 20?
-11304042
In base 3, what is 1200001 + 12012?
1212020
In base 12, what is -2 + -61a6?
-61a8
In base 13, what is -4 + -11344?
-11348
In base 15, what is 5 - -27ab?
27b1
In base 14, what is 378 - 8a?
2cc
In base 12, what is 4 + -b38?
-b34
In base 7, what is -1 + -113552?
-113553
In base 3, what is -21212120221 + 22?
-21212120122
In base 7, what is -4 + -1553345?
-1553352
In base 8, what is -17765 - 132?
-20117
In base 7, what is -4 - -36011?
36004
In base 16, what is -5 - -10381?
1037c
In base 12, what is -68481 - -4?
-68479
In base 11, what is 12312 + -a?
12303
In base 12, what is 1699 + -212?
1487
In base 6, what is 4 + 232445?
232453
In base 13, what is -75 + 1390?
1318
In base 5, what is -41 + -212140?
-212231
In base 16, what is -4ce1c + -6?
-4ce22
In base 8, what is -5 - 23576?
-23603
In base 12, what is -2 + -357?
-359
In base 13, what is 1c0 - -12bc?
14ac
In base 3, what is 100222120 + -1200?
100220220
In base 10, what is 14015 + -5?
14010
In base 13, what is -39c1 - -c?
-39b2
In base 11, what is 4 - -473959?
473962
In base 16, what is 27c - -2c?
2a8
In base 14, what is b0c - -2?
b10
In base 14, what is -24371 + 6?
-24369
In base 15, what is 4 + -17d0?
-17cb
In base 4, what is 1212112 - -2203?
1220321
In base 3, what is 21120 + 10221210?
11020100
In base 4, what is 30 - 312232?
-312202
In base 14, what is 4ab83b - 0?
4ab83b
In base 2, what is 10001011000011100 + -11?
10001011000011001
In base 4, what is 20 - -11022310?
11022330
In base 10, what is 32 - 18547?
-18515
In base 12, what is 7b - 358?
-299
In base 16, what is b7 + -19?
9e
In base 5, what is 204 + -1420?
-1211
In base 2, what is 0 - 101101000110?
-101101000110
In base 8, what is -5427063 + 4?
-5427057
In base 6, what is -4332542 + -4?
-4332550
In base 10, what is -3887 - 40?
-3927
In base 3, what is -111222 + -111201?
-1000200
In base 9, what is -1771 + -3?
-1774
In base 9, what is -184836 + 5?
-184831
In base 16, what is 0 + -39a22?
-39a22
In base 10, what is -2027236 + 0?
-2027236
In base 16, what is 6a - -e5?
14f
In base 7, what is 240 - -5401?
5641
In base 4, what is 2121 + -11201?
-3020
In base 4, what is 223 - 212133?
-211310
In base 7, what is 10406 + -1226?
6150
In base 10, what is -32186 - 1?
-32187
In base 10, what is 5 + -519?
-514
In base 3, what is 11 + 220120012?
220120100
In base 4, what is -33023 - -1?
-33022
In base 13, what is 20 + 4a1?
4c1
In base 3, what is -1 - -2010202?
2010201
In base 3, what is 2212112120 + -11?
2212112102
In base 2, what is 1000000010001101 - 11100?
1000000001110001
In base 11, what is -10 - 23a?
-24a
In base 11, what is -2 - -36912?
36910
In base 7, what is -2332 - 56?
-2421
In base 12, what is -25 + -a3a?
-a63
In base 16, what is 5 - 9cfa?
-9cf5
In base 8, what is 4 + -3367?
-3363
In base 7, what is -15221264 + -1?
-15221265
In base 8, what is -14405 - 20?
-14425
In base 4, what is 33022 - -1030?
100112
In base 2, what is 100 + 10101111010111011011?
10101111010111011111
In base 5, what is -3 + -3133?
-3141
In base 6, what is 32124 - 120?
32004
In base 8, what is -5 + 4425365?
4425360
In base 15, what is e0be - 0?
e0be
In base 5, what is -1344 + -241?
-2140
In base 9, what is -54 - -1831?
1766
In base 10, what is -24 + 809?
785
In base 5, what is -21013223 - 4?
-21013232
In base 15, what is -1e5c - -39?
-1e23
In base 9, what is 2271380 - -4?
2271384
In base 14, what is -1ab7 - 11c?
-1bd5
In base 4, what is -32311 + -2?
-32313
In base 4, what is -10020231 + -303?
-10021200
In base 3, what is -1 - 212021200011?
-212021200012
In base 2, what is 1100011011111 + -1010101000?
1011000110111
In base 2, what is -101101 + -1011101001111111?
-1011101010101100
In base 8, what is -25 - -2115?
2070
In base 15, what is d + 929?
937
In base 15, what is 3 + -805e?
-805b
In base 12, what is 19b - 3880?
-36a1
In base 7, what is 13 - 1664612?
-1664566
In base 4, what is -233 - -13232?
12333
In base 6, what is 1 - 4342455?
-4342454
In base 15, what is c - -3148d?
3149a
In base 2, what is 100100100000011000 + 1?
100100100000011001
In base 4, what is 111333 + -13001?
32332
In base 15, what is 68 - 156b?
-1503
In base 3, what is 1110101 - -1010211?
2121012
In base 14, what is -3 + -30cd?
-30d2
In base 8, what is -4 - 51317?
-51323
In base 9, what is -1 + -303042?
-303043
In base 2, what is 11 + 11011111010011010001?
11011111010011010100
In base 5, what is -10240320 - 1?
-10240321
In base 13, what is 4 + 103476?
10347a
In base 11, what is 4a9252 - -2?
4a9254
In base 16, what is 5 - -74d?
752
In base 6, what is -52 + -1005?
-1101
In base 13, what is -53 + -857?
-8aa
In base 5, what is -1041341 + 102?
-1041234
In base 2, what is 1010000010111010 + -1?
1010000010111001
In base 14, what is -c - 2cd7?
-2d05
In base 3, what is -20120112 - 111?
-20121000
In base 14, what is -a896 + -1?
-a897
In base 6, what is -2 + 10520024?
10520022
In base 6, what is 100 - 4101?
-4001
In base 15, what is -2 + -185b2?
-185b4
In base 6, what is -4113155 - 1?
-4113200
In base 14, what is 1 + 5dc4?
5dc5
In base 11, what is -5 + 160376?
160371
In base 10, what is 1 - 90905?
-90904
In base 15, what is -76 - c8?
-14e
In base 16, what is -1 + -5448?
-5449
In base 12, what is 4610 - -7?
4617
In base 12, what is 3 + -1098?
-1095
In base 11, what is 3004 - -5?
3009
In base 11, what is -32 - -a3?
71
In base 14, what is -42 - 13a1?
-1403
In base 10, what is 248290 + 16?
248306
In base 16, what is -92c + -1?
-92d
In base 4, what is -2 - -1100012000?
1100011332
In base 5, what is 10 + 3303320?
3303330
In 